 + 44, -5*s + 146 = 3*k. List the prime factors of k.
2, 13
Suppose 0 = -h + 26 + 36. List the prime factors of h.
2, 31
Let a be (-18)/(2 + -4) - -1. Let u(g) = 3*g - g - 7 - 2. What are the prime factors of u(a)?
11
Suppose -3*q + 9 = 0, k - 31 = -0*k - 2*q. What are the prime factors of k?
5
Let i(d) = d + 6. Let j be i(-6). Let c = j - 1. Let t(o) = -11*o**3 - 2*o - 1. List the prime factors of t(c).
2, 3
Let k be 2 + 5/((-15)/(-12)). What are the prime factors of 2*(51/k)/1?
17
Let g(k) = -k + 70. What are the prime factors of g(-21)?
7, 13
Let s be 74/12 - (-8)/(-48). Let f(a) = 4*a - 3. Let y(t) = 17*t - 11. Let j(n) = 9*f(n) - 2*y(n). What are the prime factors of j(s)?
7
Let d(j) = 2*j - 1. Let k(i) = 3*i - 3*i + i. Let z(n) = d(n) - 3*k(n). What are the prime factors of z(-5)?
2
Let y = -4 + -6. List the prime factors of (-64)/y + 4/(-10).
2, 3
Let j(c) = 2*c - 9. Let f be j(6). Suppose -3*y - 5*z + 15 = 2*y, -y + 12 = -2*z. Suppose -f*b + y = -15. List the prime factors of b.
7
Let o be 2*6*(-2)/(-2). Suppose 13*w + o = 16*w. What are the prime factors of w?
2
Let q(t) = 2*t - 5. Suppose -5*v + 6 = -44. List the prime factors of q(v).
3, 5
Suppose 3*c - 6*c - 2*x = -11, 0 = -3*x - 6. Suppose -k - i + 7 = k, i + c = 2*k. Suppose 2*z = -2*a + 4, -4*a + k*a + z = -6. What are the prime factors of a?
2
List the prime factors of (-1 + 0)/(-4 - (-8175)/2045).
409
Suppose -56 = 3*v - k, -3*k - 2*k - 81 = 4*v. Let w = 29 + v. Suppose n = w + 2. List the prime factors of n.
2, 3
Let y(h) = -2*h**3 - 7*h**2 + 5. List the prime factors of y(-5).
2, 5
Let r(q) = 2*q**2 + 5*q + 3. Let u(s) = s**2 - 9*s - 4. Let l be u(9). What are the prime factors of r(l)?
3, 5
Let o(m) = -2 - 4 + 20*m + 6*m. List the prime factors of o(2).
2, 23
Suppose 0 = -3*f - 4*a + 66 + 575, -5*a + 646 = 3*f. List the prime factors of f.
3, 23
Suppose -3*d + 0*d = 54. Let g = d - -28. What are the prime factors of g?
2, 5
Let j(r) = r + 1. Let t be j(4). Let z(h) = h**3 - 6*h**2 + 8*h - 5. What are the prime factors of z(t)?
2, 5
Let a = 12 + -8. Suppose -2*s = h - 5*h + 6, 3 = -3*h + a*s. List the prime factors of h.
3
Suppose 0 = -6*h + h - 3*i + 39, -4*h - 3*i + 33 = 0. What are the prime factors of h?
2, 3
Let z be 2/(-6) - 2/(-6). Suppose i - 4 = -u, z*i + 8 = 2*u + 4*i. Suppose u*o - 3*o - 9 = 0. List the prime factors of o.
3
Let d = 455 - 312. Suppose -19 + d = 4*z. List the prime factors of z.
31
Let g(n) = 14*n**2 + 7. Let x(b) = 13*b**2 + 8. Let c(v) = 7*g(v) - 6*x(v). What are the prime factors of c(-1)?
3, 7
Suppose 4*h - h - 309 = -3*n, 3*h = 9. Suppose -5*f + 4*y = -220, y + 3*y - n = -3*f. What are the prime factors of f?
2, 5
Suppose b = 3*n - 42, -258 = 4*b - 3*n - 99. Let z = 6 - b. Suppose 4*y = y + z. List the prime factors of y.
3, 5
Let p(j) be the first derivative of j**2/2 + 2*j - 1. Let z be p(0). Suppose 0*s = -z*s + 8. What are the prime factors of s?
2
Let l(r) = -2*r**2 - r + 68. Let u be l(0). Suppose u - 318 = -5*k. List the prime factors of k.
2, 5
Suppose 2*o - 16 = -2. Let d = 11 - o. What are the prime factors of d/14 + (-24)/(-14)?
2
Suppose u = -3*u + 20. Let s = u + -3. Suppose 42 = 6*h - h - s*c, -5*h + 34 = -4*c. List the prime factors of h.
2, 5
Let k(i) = -7*i - 2*i + 2*i - i**2. List the prime factors of k(-6).
2, 3
Suppose 0 = -4*g - 2*r + 378, 2*g = 2*r + 65 + 115. List the prime factors of g.
3, 31
Let x = 5 + -1. List the prime factors of 2*2/x*3.
3
Suppose 0 = -5*c + s + 2158, -c - 2*c + s + 1296 = 0. What are the prime factors of c?
431
Suppose -9*u - 590 = -14*u. What are the prime factors of u?
2, 59
Let s = 27 + 6. List the prime factors of s.
3, 11
Let y(p) = -p**3 + 8*p**2 + 3*p - 12. Suppose 2*u = 4*u - 16. Let i be y(u). Suppose -5*d + 6 = -g, 4 + i = 4*d. What are the prime factors of g?
2, 7
Let m(k) = k**3 + k**2 - 2*k + 23. Suppose -u + 3*u = 0. What are the prime factors of m(u)?
23
Suppose 5*j = -3*w + 11, 5*w + j = 4*j + 7. Let s be -7 - (-3 + 4/w). Let t(x) = -2*x - 6. What are the prime factors of t(s)?
2, 3
Let d(t) = -t**2 - 9*t - 11. Let a be d(-7). Suppose -2*m + 15 = -a. List the prime factors of m.
3
Suppose 2*i - 1 + 5 = 0. Let c be (-4 - -8) + 1*i. Suppose w = -c*f + 25, w + 4*f - 20 = 3*f. What are the prime factors of w?
3, 5
Suppose -5*d + 169 - 9 = 0. List the prime factors of d.
2
Let q(c) = -c**3 - 7*c**2 + 2*c + 6. Let l be q(-7). Let v = l - -21. Let x = v - 9. What are the prime factors of x?
2
Let n(y) be the first derivative of y**4/4 + 2*y**3 + y**2/2 + 2*y + 2. Let u be n(-4). Let j = -20 + u. What are the prime factors of j?
2, 5
Suppose -35 = -2*g - 3*g. Suppose 35 = 2*x - g. What are the prime factors of x?
3, 7
Let d(a) = a**3 - 5*a**2 + 6*a - 3. Let o be d(4). Let h(z) = 4*z + 1. List the prime factors of h(o).
3, 7
Suppose -180 = 8*n - 508. List the prime factors of n.
41
Suppose -3*o = o + 16, -5*l + 3*o + 12 = 0. Suppose l = 4*h - 2 - 2, 2*r + 4*h = 14. Suppose 15 = r*n - 0*n. What are the prime factors of n?
3
Let t(s) be the third derivative of s**5/30 + s**4/3 - s**3 + s**2. Let y(g) = 3*g + 9. Let a be y(-5). What are the prime factors of t(a)?
2, 3
Let w(l) = 5*l**3 - 7*l**2 + 7*l + 7. What are the prime factors of w(3)?
2, 5
Suppose -10*z = -15*z + 575. What are the prime factors of z?
5, 23
Let t(f) be the third derivative of f**5/60 - 5*f**4/12 + 13*f**3/6 - f**2. Let m be t(9). Suppose 7 = -y + 3*s + 39, -m*s = y + 3. List the prime factors of y.
17
List the prime factors of (-568)/(-16) + (-2)/(-4).
2, 3
Let o(k) = -k**2 - 12*k - 8. Let d be o(-11). Suppose d*z + 0*z - 108 = 0. List the prime factors of z.
2, 3
Let u(x) = -2*x**3 - 7*x**2 - 4*x - 5. Let t be u(-5). Let g = t - 61. List the prime factors of g.
29
Let x(i) = 4*i**2 + 2*i - 1. Let d(v) = -v + 3. Let h be d(5). List the prime factors of x(h).
11
Suppose 2*s - 6*s + 112 = 0. List the prime factors of s.
2, 7
Let z be (-15)/1*8/(-20). Let f = z - 0. What are the prime factors of f?
2, 3
Let m(v) = 68*v**2 + v - 2. Let i be m(1). Suppose -5*q + 4*j + i = -159, 3*j + 227 = 5*q. What are the prime factors of q?
2, 23
Suppose -3*l + r = -3, 5*l - 2*r = 2*l + 6. Let m = l + 7. List the prime factors of m.
7
Let z = -74 - -40. Let i = z - -65. List the prime factors of i.
31
Let x(w) = 2*w**2 - 3*w + 2. Let s be (-9)/(-36) - (-14)/8. What are the prime factors of x(s)?
2
Suppose -4*m - 15 = -23. What are the prime factors of 2*m/(-4) + 3?
2
Let m = 67 - 35. Let n = m + -12. List the prime factors of n.
2, 5
Let l(z) = -5*z**3 - 7*z**2 - 7*z + 2. List the prime factors of l(-2).
2, 7
Suppose 3 = 3*n, n + 14 = 3*k - 3*n. What are the prime factors of k?
2, 3
Let j(a) = 2*a + 81. What are the prime factors of j(11)?
103
Let m(b) = 9*b + 9 - 8*b**2 + 0 - 2*b**3 + 3*b**3 - 2*b**3. List the prime factors of m(-9).
3
Suppose 2*x - l = 26, -18 = -2*x - 2*l - l. List the prime factors of x.
2, 3
Let x be (-12)/(-8)*(-1 - -5). Suppose 0 = -h + 2*h - x. Suppose 3*o = -4*f + 16, h*o - 16 = -4*f + 4*o. What are the prime factors of f?
2
Let r be (-18)/5*80/(-12). Let y = -13 + r. List the prime factors of y.
11
Let j = 16 - 14. List the prime factors of j/(-4)*(-3 + -21).
2, 3
Suppose -4*t = 4*w - 160, 2*w + 2*w - 5*t - 133 = 0. What are the prime factors of w?
37
Suppose 4*n - d = 100, 0 = -d - 0*d - 4. List the prime factors of n.
2, 3
Let s be 2 - ((-24)/(-3))/2. Let g = 7 + s. List the prime factors of g.
5
Suppose 47 = -3*y + y + p, -3*y - 2*p - 81 = 0. List the prime factors of (-1)/3 - y/3.
2
Let u(s) = -s**3 + 5*s**2 - 3*s - 2. List the prime factors of u(2).
2
Let v be -1 + -2 + (-1 - 0). Let b be (0/(-3) - v)/2. What are the prime factors of (-5 - -2)*b/(-3)?
2
Let q = 76 - 46. Let j = 23 - 43. List the prime factors of (36/q)/((-6)/j).
2
Let z = 2 - -3. Suppose z*j - 3*g - 55 = 2*g, -5*j - 4*g = -10. List the prime factors of j.
2, 3
Let t = 31 + -27. Suppose 5*c = -4*d + 49, -4*c - 2*d - 21 + 59 = 0. Suppose -t*f = -c*f + 75. List the prime factors of f.
3, 5
Let f = -23 - -14. Let y = f + 5. Let i(c) = -c**2 - 6*c - 2. List the prime factors of i(y).
2, 3
Let s(w) = -w**3 - 3*w**2 - w - 2. Let u be s(-3). List the prime factors of 1/2*(9 + u).
5
Let n = -4 + 13. Suppose 0*k + n = 3*k. List the prime factors o